{"id":41,"date":"2026-03-15T15:28:05","date_gmt":"2026-03-15T15:28:05","guid":{"rendered":"https:\/\/www.peace-by-peace.eu\/?page_id=41"},"modified":"2026-03-15T16:04:22","modified_gmt":"2026-03-15T16:04:22","slug":"presentation","status":"publish","type":"page","link":"https:\/\/www.peace-by-peace.eu\/","title":{"rendered":"ACCUEIL"},"content":{"rendered":"\n<figure class=\"wp-block-video\"><video height=\"720\" style=\"aspect-ratio: 1280 \/ 720;\" width=\"1280\" controls src=\"http:\/\/www.peace-by-peace.eu\/wp-content\/uploads\/2026\/03\/Peace-by-Peace-jeunes-artisants-de-paix.mp4\"><\/video><\/figure>\n\n\n\n<p><strong>Peace by Peace<\/strong>&nbsp;est une association d\u2019int\u00e9r\u00eat g\u00e9n\u00e9ral qui&nbsp; a pour objectif la&nbsp;<strong>sensibilisation \u00e0 la paix pour tous les jeunes,<\/strong>&nbsp;en interdisciplinarit\u00e9 (histoire- fran\u00e7ais- \u00e9ducation morale et civique- langues vivantes- arts plastiques- sports- \u00e9ducation musicale\u2026) aupr\u00e8s de tous les scolaires. Elle s\u2019adapte \u00e0 chaque tranche d\u2019\u00e2ge et sensibilit\u00e9, gr\u00e2ce aux nombreux ateliers qu\u2019elle propose, du&nbsp;<strong>primaire au secondaire<\/strong>. Elle a pour vocation de&nbsp;<strong>s\u2019ouvrir \u00e0 l\u2019international<\/strong>&nbsp;pour d\u00e9velopper en chaque \u00e9l\u00e8ve, une&nbsp;<strong>petite semence de paix universelle et intemporelle<\/strong>.<\/p>\n\n\n\n<p>Nos&nbsp;<strong>valeurs<\/strong>&nbsp;sont&nbsp;:&nbsp;<strong>l\u2019<em>\u00e9ducation<\/em>, la&nbsp;<em>culture<\/em>, la&nbsp;<em>citoyennet\u00e9<\/em>, le&nbsp;<em>sport&nbsp;<\/em>&nbsp;et l\u2019<em>engagement.<\/em><\/strong><\/p>\n\n\n\n<h2 class=\"wp-block-heading\"><strong>Agir pour la Paix avec tous les scolaires<\/strong>&nbsp;<strong>en leur offrant une Instruction \u00e0 la Paix<\/strong><\/h2>\n\n\n\n<h2 class=\"wp-block-heading\"><strong>D\u00e9velopper une notion d\u2019\u00e9ducation rassurante, culturelle et citoyenne pour la jeunesse, empreinte de la connaissance du pass\u00e9 pour fortifier leur avenir dans un monde libre et plus s\u00fbr, bas\u00e9 sur la paix.<\/strong><\/h2>\n\n\n\n<p>Les jeunes portent le regard de l\u2019espoir, l\u2019enthousiasme, l\u2019impulsion et le dynamisme de la jeunesse; Ils ont en eux cette capacit\u00e9 et cette envie d\u2019apprendre si on les y conduit adroitement et intelligemment avec le coeur.<\/p>\n\n\n\n<p>&nbsp;Peace By Peace \u2013 Jeunes Artisans de Paix a l\u2019ambition de promouvoir les valeurs de paix, de respect et de vivre-ensemble, indispensables \u00e0 tout \u00eatre humain, en tant que Citoyen du Monde de Demain.<\/p>\n","protected":false},"excerpt":{"rendered":"<p>Peace by Peace&nbsp;est une association d\u2019int\u00e9r\u00eat g\u00e9n\u00e9ral qui&nbsp; a pour objectif la&nbsp;sensibilisation \u00e0 la paix pour tous les jeunes,&nbsp;en interdisciplinarit\u00e9 [&hellip;]<\/p>\n","protected":false},"author":1,"featured_media":0,"parent":0,"menu_order":0,"comment_status":"closed","ping_status":"closed","template":"","meta":{"site-sidebar-layout":"default","site-content-layout":"","ast-site-content-layout":"default","site-content-style":"default","site-sidebar-style":"default","ast-global-header-display":"","ast-banner-title-visibility":"","ast-main-header-display":"","ast-hfb-above-header-display":"","ast-hfb-below-header-display":"","ast-hfb-mobile-header-display":"","site-post-title":"disabled","ast-breadcrumbs-content":"","ast-featured-img":"","footer-sml-layout":"","ast-disable-related-posts":"","theme-transparent-header-meta":"","adv-header-id-meta":"","stick-header-meta":"","header-above-stick-meta":"","header-main-stick-meta":"","header-below-stick-meta":"","astra-migrate-meta-layouts":"default","ast-page-background-enabled":"default","ast-page-background-meta":{"desktop":{"background-color":"var(--ast-global-color-5)","background-image":"","background-repeat":"repeat","background-position":"center center","background-size":"auto","background-attachment":"scroll","background-type":"","background-media":"","overlay-type":"","overlay-color":"","overlay-opacity":"","overlay-gradient":""},"tablet":{"background-color":"","background-image":"","background-repeat":"repeat","background-position":"center center","background-size":"auto","background-attachment":"scroll","background-type":"","background-media":"","overlay-type":"","overlay-color":"","overlay-opacity":"","overlay-gradient":""},"mobile":{"background-color":"","background-image":"","background-repeat":"repeat","background-position":"center center","background-size":"auto","background-attachment":"scroll","background-type":"","background-media":"","overlay-type":"","overlay-color":"","overlay-opacity":"","overlay-gradient":""}},"ast-content-background-meta":{"desktop":{"background-color":"var(--ast-global-color-4)","background-image":"","background-repeat":"repeat","background-position":"center center","background-size":"auto","background-attachment":"scroll","background-type":"","background-media":"","overlay-type":"","overlay-color":"","overlay-opacity":"","overlay-gradient":""},"tablet":{"background-color":"var(--ast-global-color-4)","background-image":"","background-repeat":"repeat","background-position":"center center","background-size":"auto","background-attachment":"scroll","background-type":"","background-media":"","overlay-type":"","overlay-color":"","overlay-opacity":"","overlay-gradient":""},"mobile":{"background-color":"var(--ast-global-color-4)","background-image":"","background-repeat":"repeat","background-position":"center center","background-size":"auto","background-attachment":"scroll","background-type":"","background-media":"","overlay-type":"","overlay-color":"","overlay-opacity":"","overlay-gradient":""}},"footnotes":""},"class_list":["post-41","page","type-page","status-publish","hentry"],"aioseo_notices":[],"_links":{"self":[{"href":"https:\/\/www.peace-by-peace.eu\/index.php\/wp-json\/wp\/v2\/pages\/41","targetHints":{"allow":["GET"]}}],"collection":[{"href":"https:\/\/www.peace-by-peace.eu\/index.php\/wp-json\/wp\/v2\/pages"}],"about":[{"href":"https:\/\/www.peace-by-peace.eu\/index.php\/wp-json\/wp\/v2\/types\/page"}],"author":[{"embeddable":true,"href":"https:\/\/www.peace-by-peace.eu\/index.php\/wp-json\/wp\/v2\/users\/1"}],"replies":[{"embeddable":true,"href":"https:\/\/www.peace-by-peace.eu\/index.php\/wp-json\/wp\/v2\/comments?post=41"}],"version-history":[{"count":3,"href":"https:\/\/www.peace-by-peace.eu\/index.php\/wp-json\/wp\/v2\/pages\/41\/revisions"}],"predecessor-version":[{"id":65,"href":"https:\/\/www.peace-by-peace.eu\/index.php\/wp-json\/wp\/v2\/pages\/41\/revisions\/65"}],"wp:attachment":[{"href":"https:\/\/www.peace-by-peace.eu\/index.php\/wp-json\/wp\/v2\/media?parent=41"}],"curies":[{"name":"wp","href":"https:\/\/api.w.org\/{rel}","templated":true}]}}

<figure class="wp-block-video"><video height="720" style="aspect-ratio: 1280 / 720;" width="1280" controls src="http://www.peace-by-peace.eu/wp-content/uploads/2026/03/Peace-by-Peace-jeunes-artisants-de-paix.mp4"></video></figure>



<p><strong>Peace by Peace</strong>&nbsp;est une association d’intérêt général qui&nbsp; a pour objectif la&nbsp;<strong>sensibilisation à la paix pour tous les jeunes,</strong>&nbsp;en interdisciplinarité (histoire- français- éducation morale et civique- langues vivantes- arts plastiques- sports- éducation musicale…) auprès de tous les scolaires. Elle s’adapte à chaque tranche d’âge et sensibilité, grâce aux nombreux ateliers qu’elle propose, du&nbsp;<strong>primaire au secondaire</strong>. Elle a pour vocation de&nbsp;<strong>s’ouvrir à l’international</strong>&nbsp;pour développer en chaque élève, une&nbsp;<strong>petite semence de paix universelle et intemporelle</strong>.</p>



<p>Nos&nbsp;<strong>valeurs</strong>&nbsp;sont&nbsp;:&nbsp;<strong>l’<em>éducation</em>, la&nbsp;<em>culture</em>, la&nbsp;<em>citoyenneté</em>, le&nbsp;<em>sport&nbsp;</em>&nbsp;et l’<em>engagement.</em></strong></p>



<h2 class="wp-block-heading"><strong>Agir pour la Paix avec tous les scolaires</strong>&nbsp;<strong>en leur offrant une Instruction à la Paix</strong></h2>



<h2 class="wp-block-heading"><strong>Développer une notion d’éducation rassurante, culturelle et citoyenne pour la jeunesse, empreinte de la connaissance du passé pour fortifier leur avenir dans un monde libre et plus sûr, basé sur la paix.</strong></h2>



<p>Les jeunes portent le regard de l’espoir, l’enthousiasme, l’impulsion et le dynamisme de la jeunesse; Ils ont en eux cette capacité et cette envie d’apprendre si on les y conduit adroitement et intelligemment avec le coeur.</p>



<p>&nbsp;Peace By Peace – Jeunes Artisans de Paix a l’ambition de promouvoir les valeurs de paix, de respect et de vivre-ensemble, indispensables à tout être humain, en tant que Citoyen du Monde de Demain.</p>

<p>Peace by Peace&nbsp;est une association d’intérêt général qui&nbsp; a pour objectif la&nbsp;sensibilisation à la paix pour tous les jeunes,&nbsp;en interdisciplinarité [&hellip;]</p>
